52364?
2475
Calculate the remainder when 34311 is divided by 4776.
879
What is the remainder when 7401362 is divided by 369?
329
Calculate the remainder when 9048233 is divided by 532249.
0
Calculate the remainder when 478543 is divided by 283.
273
Calculate the remainder when 22723628 is divided by 1982.
1980
What is the remainder when 1853540 is divided by 3969?
17
What is the remainder when 4333626 is divided by 131322?
0
What is the remainder when 99513870 is divided by 93?
57
What is the remainder when 465904 is divided by 35833?
75
What is the remainder when 134535964 is divided by 713?
707
Calculate the remainder when 68171811 is divided by 22723937.
0
Calculate the remainder when 3119 is divided by 681.
395
What is the remainder when 113181 is divided by 879?
669
Calculate the remainder when 96305816 is divided by 32101933.
17
What is the remainder when 5991760 is divided by 1752?
1672
Calculate the remainder when 285819218 is divided by 285819209.
9
Calculate the remainder when 375712 is divided by 15.
7
What is the remainder when 693068 is divided by 18662?
2574
Calculate the remainder when 3730350 is divided by 237.
207
Calculate the remainder when 201510706 is divided by 25498.
12
What is the remainder when 7607151 is divided by 349?
347
Calculate the remainder when 3717133 is divided by 181.
117
What is the remainder when 586288 is divided by 15844?
60
Calculate the remainder when 1059189 is divided by 521.
517
Calculate the remainder when 144530 is divided by 83.
27
Calculate the remainder when 550416379 is divided by 5184.
5179
Calculate the remainder when 7740777 is divided by 552910.
37
What is the remainder when 27802109 is divided by 46414?
123
Calculate the remainder when 6326766 is divided by 55.
6
Calculate the remainder when 1754791 is divided by 28762.
309
What is the remainder when 3666216 is divided by 19925?
16
Calculate the remainder when 646766 is divided by 215587.
5
What is the remainder when 340146 is divided by 161?
114
Calculate the remainder when 30088 is divided by 775.
638
Calculate the remainder when 979783 is divided by 436.
91
What is the remainder when 43236069 is divided by 216?
213
Calculate the remainder when 14065683 is divided by 3892.
3887
What is the remainder when 51918 is divided by 115?
53
Calculate the remainder when 15731062 is divided by 37.
31
What is the remainder when 432426 is divided by 200?
26
What is the remainder when 31438319 is divided by 24?
23
What is the remainder when 3415153 is divided by 1126?
1121
What is the remainder when 7310061 is divided by 199?
194
Calculate the remainder when 12478487 is divided by 31.
26
What is the remainder when 551749 is divided by 1202?
31
Calculate the remainder when 692015 is divided by 179.
1
Calculate the remainder when 741880445 is divided by 347.
344
What is the remainder when 42146850 is divided by 671?
669
Calculate the remainder when 241384 is divided by 80372.
268
What is the remainder when 48581 is divided by 9696?
101
Calculate the remainder when 4337433 is divided by 549.
333
What is the remainder when 70174 is divided by 5042?
4628
What is the remainder when 7592229 is divided by 14?
1
What is the remainder when 151603 is divided by 72?
43
Calculate the remainder when 8492834 is divided by 107504.
18
What is the remainder when 26806088 is divided by 8935358?
14
What is the remainder when 2287159 is divided by 73?
69
Calculate the remainder when 22689442 is divided by 209.
193
What is the remainder when 5293126 is divided by 258?
256
What is the remainder when 16754948 is divided by 37907?
54
Calculate the remainder when 4020246 is divided by 893.
853
What is the remainder when 24071113 is divided by 24071110?
3
Calculate the remainder when 45380784 is divided by 114.
6
What is the remainder when 880780 is divided by 4?
0
Calculate the remainder when 48348153 is divided by 166.
155
Calculate the remainder when 36637342 is divided by 32.
30
What is the remainder when 870472 is divided by 737?
75
What is the remainder when 1262964 is divided by 6?
0
What is the remainder when 6107945 is divided by 539?
536
What is the remainder when 324217 is divided by 3814?
27
Calculate the remainder when 2273476 is divided by 527.
525
Calculate the remainder when 296596 is divided by 598.
586
Calculate the remainder when 594612574 is divided by 33.
28
Calculate the remainder when 242369 is divided by 89.
22
What is the remainder when 1328456 is divided by 6011?
25
What is the remainder when 4897 is divided by 1534?
295
Calculate the remainder when 66855116 is divided by 81.
65
What is the remainder when 310801 is divided by 375?
301
Calculate the remainder when 233004 is divided by 57247.
4016
What is the remainder when 15646 is divided by 1243?
730
What is the remainder when 143456 is divided by 28165?
2631
Calculate the remainder when 104887 is divided by 1567.
1465
What is the remainder when 1165976 is divided by 617?
463
Calculate the remainder when 15987246 is divided by 95732.
2
Calculate the remainder when 14078 is divided by 454.
4
What is the remainder when 136740644 is divided by 1525?
1519
What is the remainder when 26548765 is divided by 1004?
997
What is the remainder when 12747602 is divided by 386290?
32
What is the remainder when 52423542 is divided by 936134?
38
Calculate the remainder when 82722 is divided by 1311.
129
What is the remainder when 111613451 is divided by 3435?
3431
What is the remainder when 9312 is divided by 2231?
388
What is the remainder when 3274950 is divided by 7460?
10
Calculate the remainder when 4948734 is divided by 84.
42
Calculate the remainder when 48380664 is divided by 302.
264
Calculate the remainder when 5502800 is divided by 13.
4
Calculate the remainder when 241451 is divided by 120.
11
Calculate the remainder when 18333312 is divided by 1001.
998
Calculate the remainder when 1539663 is divided by 17107.
33
What is the remainder when 44947 is divided by 43594?
1353
Calculate the remainder when 35259 is divided by 15602.
4055
Calculate the remainder when 219672 is divided by 15525.
2322
What is the remainder when 3692753 is divided by 528?
449
Calculate the remainder when 8453021 is divided by 36.
5
What is the remainder when 8883321 is divided by 52564?
5
What is the remainder when 7083 is divided by 3345?
393
Calculate the remainder when 506018 is divided by 550.
18
Calculate the remainder when 7124 is divided by 418.
18
What is the remainder when 2693700 is divided by 20556?
864
Calculate the remainder when 1326612278 is divided by 142.
140
Calculate the remainder when 8005982 is divided by 397.
80
What is the remainder when 1306619 is divided by 145158?
197
Calculate the remainder when 38513978 is divided by 5.
3
Calculate the remainder when 4960128 is divided by 127182.
30
Calculate the remainder when 12472895 is divided by 748.
743
What is the remainder when 122760 is divided by 431?
356
Calculate the remainder when 12746267 is divided by 44412.
23
Calculate the remainder when 551210 is divided by 275579.
52
Calculate the remainder when 180575 is divided by 180270.
305
What is the remainder when 2693600 is divided by 2693591?
9
Calculate the remainder when 205672 is divided by 1487.
466
What is the remainder when 68063 is divided by 1041?
398
What is the remainder when 29485073 is divided by 72?
65
What is the remainder when 20347007 is divided by 264?
263
What is the remainder when 37416 is divided by 18692?
32
What is the remainder when 63768 is divided by 3017?
411
What is the remainder when 114211 is divided by 19005?
181
Calculate the remainder when 272632 is divided by 11403.
10363
Calculate the remainder when 3122000 is divided by 35.
0
Calculate the remainder when 1449389 is divided by 103525.
39
What is the remainder when 3209492 is divided by 2144?
2068
What is the remainder when 5631 is divided by 685?
151
What is the remainder when 281075418 is divided by 14793443?
1
Calculate the remainder when 336787 is divided by 1387.
1133
What is the remainder when 428467 is divided by 428016?
451
Calculate the remainder when 991476 is divided by 1263.
21
What is the remainder when 797324 is divided by 398407?
510
What is the remainder when 41012886 is divided by 24947?
18
What is the r